n factor of 28 and 301?
7
Calculate the highest common divisor of 12 and 798.
6
Calculate the greatest common divisor of 5916 and 132.
12
What is the highest common divisor of 187 and 55?
11
What is the highest common divisor of 2156 and 44?
44
Calculate the greatest common factor of 198 and 8316.
198
Calculate the greatest common divisor of 112 and 602.
14
Calculate the highest common divisor of 702 and 1248.
78
Calculate the highest common divisor of 47 and 188.
47
What is the highest common divisor of 4028 and 76?
76
What is the highest common divisor of 3068 and 5428?
236
Calculate the highest common divisor of 244 and 13298.
122
What is the greatest common divisor of 810 and 30?
30
What is the highest common divisor of 28 and 1106?
14
What is the greatest common factor of 1490 and 149?
149
What is the greatest common factor of 51 and 4029?
51
What is the highest common divisor of 25 and 15?
5
Calculate the highest common factor of 372 and 620.
124
What is the greatest common divisor of 19 and 152?
19
Calculate the greatest common factor of 644 and 56.
28
Calculate the highest common divisor of 656 and 5002.
82
Calculate the greatest common factor of 1140 and 45.
15
What is the highest common divisor of 770 and 715?
55
Calculate the highest common factor of 666 and 36.
18
Calculate the greatest common factor of 11 and 253.
11
What is the greatest common divisor of 24 and 1432?
8
What is the greatest common divisor of 15113 and 119?
119
Calculate the highest common divisor of 10370 and 170.
170
What is the highest common factor of 3104 and 96?
32
Calculate the highest common factor of 5192 and 110.
22
What is the highest common divisor of 80 and 470?
10
Calculate the highest common factor of 1107 and 108.
27
Calculate the highest common divisor of 22692 and 61.
61
Calculate the highest common factor of 15 and 335.
5
What is the greatest common divisor of 218 and 9374?
218
What is the greatest common divisor of 87 and 87?
87
Calculate the highest common divisor of 423 and 376.
47
Calculate the greatest common divisor of 306 and 102.
102
What is the greatest common divisor of 30 and 640?
10
Calculate the greatest common factor of 4 and 242.
2
Calculate the highest common divisor of 20 and 8.
4
What is the highest common factor of 68 and 1037?
17
What is the highest common factor of 7811 and 321?
107
What is the highest common divisor of 950 and 38?
38
Calculate the greatest common divisor of 374 and 782.
34
Calculate the highest common divisor of 6 and 98.
2
Calculate the greatest common factor of 580 and 64.
4
What is the greatest common factor of 480 and 60?
60
What is the greatest common divisor of 10 and 1522?
2
Calculate the highest common factor of 44 and 92.
4
Calculate the greatest common factor of 11 and 1199.
11
What is the greatest common factor of 561 and 51?
51
Calculate the greatest common factor of 9 and 1908.
9
What is the highest common divisor of 222 and 6?
6
Calculate the highest common divisor of 76 and 8132.
76
What is the highest common factor of 1890 and 6?
6
What is the greatest common divisor of 3 and 375?
3
Calculate the greatest common factor of 161 and 21.
7
What is the greatest common divisor of 13968 and 144?
144
What is the highest common factor of 399 and 228?
57
Calculate the highest common factor of 162 and 8370.
54
What is the greatest common divisor of 27 and 432?
27
What is the greatest common factor of 1432 and 895?
179
What is the greatest common factor of 33 and 10989?
33
Calculate the highest common divisor of 15 and 1110.
15
What is the greatest common factor of 92 and 23?
23
What is the greatest common factor of 486 and 216?
54
What is the highest common divisor of 299 and 117?
13
What is the greatest common factor of 14526 and 162?
54
Calculate the greatest common divisor of 130 and 5.
5
Calculate the highest common factor of 115 and 3956.
23
What is the highest common divisor of 488 and 6832?
488
What is the greatest common factor of 5136 and 48?
48
What is the greatest common factor of 80 and 2048?
16
Calculate the greatest common divisor of 1036 and 28.
28
What is the highest common factor of 12 and 7179?
3
What is the highest common factor of 2871 and 198?
99
What is the highest common factor of 7845 and 105?
15
Calculate the greatest common factor of 12 and 23748.
12
Calculate the greatest common factor of 47 and 52922.
47
Calculate the highest common factor of 45 and 510.
15
Calculate the highest common divisor of 4 and 148.
4
What is the highest common divisor of 37 and 148?
37
Calculate the greatest common factor of 32 and 844.
4
Calculate the greatest common factor of 1800 and 275.
25
What is the highest common factor of 80 and 10?
10
What is the highest common divisor of 12 and 324?
12
What is the highest common divisor of 27 and 108?
27
What is the greatest common divisor of 51 and 9?
3
Calculate the greatest common divisor of 21 and 1344.
21
What is the greatest common divisor of 16 and 272?
16
Calculate the highest common factor of 1071 and 425.
17
Calculate the greatest common factor of 28 and 1372.
28
Calculate the highest common factor of 24 and 168.
24
What is the highest common factor of 84 and 64596?
84
What is the greatest common factor of 2716 and 140?
28
What is the greatest common divisor of 434 and 124?
62
Calculate the greatest common divisor of 88 and 33.
11
What is the highest common factor of 1206 and 72?
18
Calculate the greatest common divisor of 11143 and 55.
11
What is the highest common factor of 1113 and 21?
21
What is the greatest common divisor of 961 and 155?
31
What is the greatest common divisor of 108 and 4?
4
What is the greatest common divisor of 242 and 352?
22
Calculate the greatest common divisor of 146 and 657.
73
What is the highest common factor of 637 and 728?
91
What is the greatest common factor of 91 and 56?
7
What is the greatest common factor of 14 and 6398?
14
Calculate the highest common factor of 2778 and 6.
6
What is the greatest common divisor of 978 and 6?
6
Calculate the highest common factor of 938 and 28.
14
Calculate the highest common divisor of 19 and 30305.
19
What is the greatest common divisor of 2656 and 830?
166
Calculate the greatest common factor of 145 and 2465.
145
What is the greatest common divisor of 1081 and 23?
23
Calculate the greatest common factor of 816 and 272.
272
What is the greatest common divisor of 7276 and 5136?
428
What is the greatest common factor of 21 and 651?
21
Calculate the greatest common divisor of 579 and 6.
3
Calculate the greatest common factor of 5 and 1.
1
Calculate the greatest common factor of 35334 and 234.
234
Calculate the highest common divisor of 1590 and 195.
15
Calculate the highest common factor of 3 and 86.
1
Calculate the highest common divisor of 33 and 6.
3
Calculate the greatest common factor of 850 and 200.
50
What is the highest common divisor of 4 and 13?
1
What is the highest common factor of 19 and 475?
19
What is the greatest common divisor of 140 and 14?
14
Calculate the highest common factor of 5328 and 240.
48
What is the greatest common factor of 741 and 117?
39
Calculate the highest common factor of 3222 and 54.
18
What is the highest common divisor of 1 and 173?
1
Calculate the greatest common factor of 4582 and 1738.
158
What is the greatest common factor of 157 and 10519?
157
What is the highest common divisor of 24 and 184?
8
What is the highest common divisor of 14366 and 22?
22
Calculate the highest common divisor of 1737 and 193.
193
What is the greatest common divisor of 12 and 6?
6
What is the greatest common divisor of 8957 and 26?
13
Calculate the greatest common factor of 48 and 1760.
16
What is the greatest common divisor of 99 and 63?
9
What is the highest common divisor of 93 and 1798?
31
Calculate the greatest common divisor of 440 and 136.
8
What is the highest common divisor of 630 and 4704?
42
What is the highest common factor of 24 and 72?
24
What is the greatest common factor of 69 and 96?
3
What is the greatest common factor of 82 and 13?
1
What is the greatest common factor of 76 and 114?
38
Calculate the highest common factor of 294 and 994.
14
What is the greatest common divisor of 221 and 51?
17
What is the greatest common factor of 156 an